{"id":20066,"date":"2021-08-23T10:57:38","date_gmt":"2021-08-23T10:57:38","guid":{"rendered":"https:\/\/szigja.hu\/2021\/?page_id=20066"},"modified":"2022-09-15T08:46:06","modified_gmt":"2022-09-15T08:46:06","slug":"alapitvany","status":"publish","type":"page","link":"https:\/\/szigja.hu\/2021\/alapitvany\/","title":{"rendered":"Alap\u00edtv\u00e1ny"},"content":{"rendered":"[et_pb_section fb_built=&#8221;1&#8243; _builder_version=&#8221;4.10.3&#8243; _module_preset=&#8221;default&#8221; global_colors_info=&#8221;{}&#8221;][et_pb_row _builder_version=&#8221;4.10.3&#8243; _module_preset=&#8221;default&#8221; global_colors_info=&#8221;{}&#8221;][et_pb_column type=&#8221;4_4&#8243; _builder_version=&#8221;4.10.3&#8243; _module_preset=&#8221;default&#8221; global_colors_info=&#8221;{}&#8221;][et_pb_text _builder_version=&#8221;4.13.1&#8243; _module_preset=&#8221;default&#8221; hover_enabled=&#8221;0&#8243; global_colors_info=&#8221;{}&#8221; sticky_enabled=&#8221;0&#8243;]<p><strong>A mi iskol\u00e1nk Alap\u00edtv\u00e1ny<\/strong><\/p>\n<p><strong>Ad\u00f3sz\u00e1munk:<\/strong> 18672741-1-13<br \/><strong>Banksz\u00e1mlasz\u00e1munk:<\/strong> 10700512-44064004-51100005<\/p>\n<p>K\u00f6sz\u00f6nj\u00fcnk, hogy ad\u00f3juk 1%-\u00e1nak felaj\u00e1nl\u00e1s\u00e1val t\u00e1mogatj\u00e1k alap\u00edtv\u00e1nyunkat.<\/p>\n<p>2020. \u00e9v v\u00e9gi besz\u00e1mol\u00f3: <a class=\"wp-block-file__button\" href=\"https:\/\/szigja.hu\/wp-content\/uploads\/2021\/05\/A-Mi-Iskolank-Alapitvany-PK642-2020.ev-beszamolo-VEGLEGES-1.pdf\" target=\"_blank\" rel=\"noopener\" download=\"\">Let\u00f6lt\u00e9s<\/a><br \/>2021. \u00e9vi tev\u00e9kenys\u00e9g: <a href=\"\/2021\/wp-content\/uploads\/2022\/09\/2021 Tev\u00e9kenys\u00e9g.pdf\">Let\u00f6lt\u00e9s<\/a><\/p>\n<p>Az alap\u00edtv\u00e1ny tev\u00e9kenys\u00e9ge 2020: <a class=\"wp-block-file__button\" href=\"https:\/\/szigja.hu\/wp-content\/uploads\/2021\/05\/Alapitvany-tevekenysege-2020.pdf\" target=\"_blank\" rel=\"noopener\" download=\"\">Let\u00f6lt\u00e9s<\/a><\/p>\n<p><!-- \/wp:post-content --><!-- wp:file {\"id\":19571,\"href\":\"https:\/\/szigja.hu\/wp-content\/uploads\/2021\/05\/Alapitvany-tevekenysege-2020.pdf\"} --><\/p>\n<p><!-- \/wp:file --><!-- wp:paragraph --><\/p>\n<p>&nbsp;<\/p>[\/et_pb_text][\/et_pb_column][\/et_pb_row][\/et_pb_section]","protected":false},"excerpt":{"rendered":"<p>A mi iskol\u00e1nk Alap\u00edtv\u00e1ny Ad\u00f3sz\u00e1munk: 18672741-1-13Banksz\u00e1mlasz\u00e1munk: 10700512-44064004-51100005 K\u00f6sz\u00f6nj\u00fcnk, hogy ad\u00f3juk 1%-\u00e1nak felaj\u00e1nl\u00e1s\u00e1val t\u00e1mogatj\u00e1k alap\u00edtv\u00e1nyunkat. 2020. \u00e9v v\u00e9gi besz\u00e1mol\u00f3: Let\u00f6lt\u00e9s2021. \u00e9vi tev\u00e9kenys\u00e9g: Let\u00f6lt\u00e9s Az alap\u00edtv\u00e1ny tev\u00e9kenys\u00e9ge 2020: Let\u00f6lt\u00e9s &nbsp;<\/p>\n","protected":false},"author":4,"featured_media":0,"parent":0,"menu_order":0,"comment_status":"closed","ping_status":"closed","template":"","meta":{"_et_pb_use_builder":"on","_et_pb_old_content":"","_et_gb_content_width":"","cybocfi_hide_featured_image":"","footnotes":""},"class_list":["post-20066","page","type-page","status-publish","hentry"],"_links":{"self":[{"href":"https:\/\/szigja.hu\/2021\/wp-json\/wp\/v2\/pages\/20066","targetHints":{"allow":["GET"]}}],"collection":[{"href":"https:\/\/szigja.hu\/2021\/wp-json\/wp\/v2\/pages"}],"about":[{"href":"https:\/\/szigja.hu\/2021\/wp-json\/wp\/v2\/types\/page"}],"author":[{"embeddable":true,"href":"https:\/\/szigja.hu\/2021\/wp-json\/wp\/v2\/users\/4"}],"replies":[{"embeddable":true,"href":"https:\/\/szigja.hu\/2021\/wp-json\/wp\/v2\/comments?post=20066"}],"version-history":[{"count":7,"href":"https:\/\/szigja.hu\/2021\/wp-json\/wp\/v2\/pages\/20066\/revisions"}],"predecessor-version":[{"id":22827,"href":"https:\/\/szigja.hu\/2021\/wp-json\/wp\/v2\/pages\/20066\/revisions\/22827"}],"wp:attachment":[{"href":"https:\/\/szigja.hu\/2021\/wp-json\/wp\/v2\/media?parent=20066"}],"curies":[{"name":"wp","href":"https:\/\/api.w.org\/{rel}","templated":true}]}}