{"id":22226,"date":"2022-05-17T12:00:21","date_gmt":"2022-05-17T12:00:21","guid":{"rendered":"https:\/\/szigja.hu\/2021\/?page_id=22226"},"modified":"2026-03-30T19:03:42","modified_gmt":"2026-03-30T19:03:42","slug":"tajekoztatas-altalanos-gyermek-es-ifjusagi-balesetbiztositasrol","status":"publish","type":"page","link":"https:\/\/szigja.hu\/2021\/tajekoztatas-altalanos-gyermek-es-ifjusagi-balesetbiztositasrol\/","title":{"rendered":"T\u00e1j\u00e9koztat\u00e1s \u00e1ltal\u00e1nos gyermek- \u00e9s ifj\u00fas\u00e1gi balesetbiztos\u00edt\u00e1sr\u00f3l"},"content":{"rendered":"<p>[et_pb_section fb_built=&#8221;1&#8243; _builder_version=&#8221;4.13.0&#8243; _module_preset=&#8221;default&#8221; global_colors_info=&#8221;{}&#8221;][et_pb_row _builder_version=&#8221;4.13.0&#8243; _module_preset=&#8221;default&#8221; global_colors_info=&#8221;{}&#8221;][et_pb_column type=&#8221;4_4&#8243; _builder_version=&#8221;4.13.0&#8243; _module_preset=&#8221;default&#8221; global_colors_info=&#8221;{}&#8221;][et_pb_text _builder_version=&#8221;4.13.1&#8243; _module_preset=&#8221;default&#8221; hover_enabled=&#8221;0&#8243; global_colors_info=&#8221;{}&#8221; sticky_enabled=&#8221;0&#8243;]<\/p>\n<p><span style=\"color: #000000;\"><strong>T\u00e1j\u00e9koztat\u00e1s \u00e1ltal\u00e1nos gyermek- \u00e9s ifj\u00fas\u00e1gi balesetbiztos\u00edt\u00e1sr\u00f3l<\/strong><\/span><\/p>\n<div class=\"x_elementToProof\" data-olk-copy-source=\"MessageBody\">\n<div data-olk-copy-source=\"MessageBody\">Tisztelt Sz\u00fcl\u0151!<\/div>\n<div>Szeretn\u00e9nk t\u00e1j\u00e9koztatni \u00d6nt a <b>119\/2003. (VIII.14.) Korm\u00e1nyrendelet alapj\u00e1n l\u00e9trej\u00f6tt<\/b>, \u00e1llamilag finansz\u00edrozott \u00e1ltal\u00e1nos gyermek- \u00e9s ifj\u00fas\u00e1gi balesetbiztos\u00edt\u00e1ssal kapcsolatos aktu\u00e1lis tudnival\u00f3kr\u00f3l.<\/div>\n<div>\n<p>A CIG Pann\u00f3nia \u00c9letbiztos\u00edt\u00f3 Nyrt. (vezet\u0151 biztos\u00edt\u00f3) a Groupama Biztos\u00edt\u00f3 Zrt.-vel (k\u00f6vet\u0151 biztos\u00edt\u00f3)\u00a0<b>egy\u00fctt, k\u00f6zbeszerz\u00e9si elj\u00e1r\u00e1s keret\u00e9ben<\/b>\u00a0elnyerte a gyermekek biztos\u00edt\u00e1s\u00e1nak lehet\u0151s\u00e9g\u00e9t a\u00a0<b>2026. janu\u00e1r 1. \u00e9s 2026. december 31. k\u00f6z\u00f6tti id\u0151szakra<\/b>.<\/p>\n<\/div>\n<div>\n<p>Amennyiben 2026-ban valaki k\u00e1resem\u00e9nyt szeretne bejelenteni,\u00a0<b>azt k\u00f6zvetlen\u00fcl<\/b>\u00a0a CIG Pann\u00f3nia \u00c9letbiztos\u00edt\u00f3 Nyrt. honlapj\u00e1n<br \/>(<a id=\"OWA64b68cb6-3244-39c7-6dad-3d920be20712\" title=\"https:\/\/www.cigpannonia.hu\/ugyfeleinknek\/alt-gyerek-balesetbiztositas\" href=\"https:\/\/www.cigpannonia.hu\/ugyfeleinknek\/alt-gyerek-balesetbiztositas\" target=\"_blank\" rel=\"noopener noreferrer\" data-auth=\"NotApplicable\" data-linkindex=\"0\"><u>https:\/\/www.cigpannonia.hu\/ugyfeleinknek\/alt-gyerek-balesetbiztositas<\/u><\/a>) tal\u00e1lhat\u00f3 ig\u00e9nybejelent\u0151 kit\u00f6lt\u00e9s\u00e9vel,\u00a0<b>az ott ismertetett elj\u00e1r\u00e1srendnek megfelel\u0151en<\/b>\u00a0\u00e9s a sz\u00fcks\u00e9ges mell\u00e9kletekkel kell beny\u00fajtani.<\/p>\n<\/div>\n<div>\n<p>Term\u00e9szetesen\u00a0<b>a biztos\u00edt\u00f3 a bejelent\u00e9seket visszamen\u0151legesen, 2026. janu\u00e1r 1-j\u00e9t\u0151l is fogadja.<\/b><\/p>\n<\/div>\n<\/div>\n<p>&nbsp;<\/p>\n<p>[\/et_pb_text][\/et_pb_column][\/et_pb_row][\/et_pb_section]<\/p>\n","protected":false},"excerpt":{"rendered":"<p>T\u00e1j\u00e9koztat\u00e1s \u00e1ltal\u00e1nos gyermek- \u00e9s ifj\u00fas\u00e1gi balesetbiztos\u00edt\u00e1sr\u00f3l Tisztelt Sz\u00fcl\u0151! Szeretn\u00e9nk t\u00e1j\u00e9koztatni \u00d6nt a 119\/2003. (VIII.14.) Korm\u00e1nyrendelet alapj\u00e1n l\u00e9trej\u00f6tt, \u00e1llamilag finansz\u00edrozott \u00e1ltal\u00e1nos gyermek- \u00e9s ifj\u00fas\u00e1gi balesetbiztos\u00edt\u00e1ssal kapcsolatos aktu\u00e1lis tudnival\u00f3kr\u00f3l. A CIG Pann\u00f3nia [&hellip;]<\/p>\n","protected":false},"author":4,"featured_media":0,"parent":0,"menu_order":0,"comment_status":"closed","ping_status":"closed","template":"","meta":{"_et_pb_use_builder":"on","_et_pb_old_content":"","_et_gb_content_width":"","cybocfi_hide_featured_image":"","footnotes":""},"class_list":["post-22226","page","type-page","status-publish","hentry"],"_links":{"self":[{"href":"https:\/\/szigja.hu\/2021\/wp-json\/wp\/v2\/pages\/22226","targetHints":{"allow":["GET"]}}],"collection":[{"href":"https:\/\/szigja.hu\/2021\/wp-json\/wp\/v2\/pages"}],"about":[{"href":"https:\/\/szigja.hu\/2021\/wp-json\/wp\/v2\/types\/page"}],"author":[{"embeddable":true,"href":"https:\/\/szigja.hu\/2021\/wp-json\/wp\/v2\/users\/4"}],"replies":[{"embeddable":true,"href":"https:\/\/szigja.hu\/2021\/wp-json\/wp\/v2\/comments?post=22226"}],"version-history":[{"count":7,"href":"https:\/\/szigja.hu\/2021\/wp-json\/wp\/v2\/pages\/22226\/revisions"}],"predecessor-version":[{"id":29849,"href":"https:\/\/szigja.hu\/2021\/wp-json\/wp\/v2\/pages\/22226\/revisions\/29849"}],"wp:attachment":[{"href":"https:\/\/szigja.hu\/2021\/wp-json\/wp\/v2\/media?parent=22226"}],"curies":[{"name":"wp","href":"https:\/\/api.w.org\/{rel}","templated":true}]}}