{"id":26790,"date":"2024-10-10T10:23:30","date_gmt":"2024-10-10T10:23:30","guid":{"rendered":"https:\/\/szigja.hu\/2021\/?page_id=26790"},"modified":"2026-04-28T13:27:43","modified_gmt":"2026-04-28T13:27:43","slug":"tajekoztatas-az-etkezesrol","status":"publish","type":"page","link":"https:\/\/szigja.hu\/2021\/tajekoztatas-az-etkezesrol\/","title":{"rendered":"T\u00e1j\u00e9koztat\u00e1s az \u00e9tkez\u00e9sr\u0151l"},"content":{"rendered":"<p>[et_pb_section fb_built=&#8221;1&#8243; _builder_version=&#8221;4.13.0&#8243; _module_preset=&#8221;default&#8221; global_colors_info=&#8221;{}&#8221;][et_pb_row _builder_version=&#8221;4.13.0&#8243; _module_preset=&#8221;default&#8221; global_colors_info=&#8221;{}&#8221;][et_pb_column type=&#8221;4_4&#8243; _builder_version=&#8221;4.13.0&#8243; _module_preset=&#8221;default&#8221; global_colors_info=&#8221;{}&#8221;][et_pb_text _builder_version=&#8221;4.13.1&#8243; _module_preset=&#8221;default&#8221; hover_enabled=&#8221;0&#8243; global_colors_info=&#8221;{}&#8221; sticky_enabled=&#8221;0&#8243;]<\/p>\n<p><strong>\u00c9tkez\u00e9si t\u00e1j\u00e9koztat\u00f3 &#8211; fontos tudnival\u00f3k<\/strong><br \/>2026.02.01-t\u0151l<\/p>\n<p><strong>Tisztelt Sz\u00fcl\u0151k!<\/strong><br \/>A gyermek\u00e9tkez\u00e9ssel kapcsolatban az al\u00e1bbi inform\u00e1ci\u00f3kat szeretn\u00e9nk megosztani \u00d6n\u00f6kkel:<\/p>\n<p><strong>\u00c9tkez\u00e9s ig\u00e9nyl\u00e9se<\/strong><br \/>A szigetszentmiklos.hu\/gyermeketkeztetes honlapr\u00f3l let\u00f6lthet\u0151 , \u00c9tkez\u00e9si ig\u00e9ny&#8221; nyomtatv\u00e1ny kit\u00f6lt\u00e9s\u00e9vel \u00e9s megk\u00fcld\u00e9s\u00e9vel t\u00f6rt\u00e9nik, amennyiben a gyermek\/ tanul\u00f3 az adott int\u00e9zm\u00e9nyben a tan\u00e9vben nem vett r\u00e9szt k\u00f6z\u00e9tkeztet\u00e9sben.<\/p>\n<p><strong>Sz\u00e1mla \u00e9s fizet\u00e9s<\/strong><br \/>\u2014 Az \u00e9tkez\u00e9si d\u00edjak befizet\u00e9s\u00e9hez tartoz\u00f3 banksz\u00e1mlasz\u00e1m m\u00f3dosult: (SZMIKL\u00d3SV.\u00d6NK.-GYERMEK\u00c9TKEZTET\u00c9SI) OTP 11784009-15393276-10400009; HU84 11784009 1539 3276 1040 0009) &#8211; k\u00e9rj\u00fck, mindig az aktu\u00e1lis sz\u00e1ml\u00e1n szerepl\u0151 adatokat vegy\u00e9k figyelembe.<br \/>\u2014 Fizet\u00e9si m\u00f3dok: \u00e1tutal\u00e1s, postai csekk, vagy OTP Sz\u00e9p K\u00e1rtya (online fizet\u00e9s iMenza regisztr\u00e1ci\u00f3val).<br \/>\u2014 A sz\u00e1mlalev\u00e9l sz\u00f6vege friss\u00edt\u00e9sre ker\u00fclt, hogy pontosabb inform\u00e1ci\u00f3t ny\u00fajtson.<br \/>\u2014 A sz\u00e1ml\u00e1t t\u00e1rgyh\u00f3t megel\u0151z\u0151 h\u00f3nap elej\u00e9n k\u00fcldj\u00fck az ig\u00e9nyl\u00e9sn\u00e9l megadott email c\u00edmre.<br \/>\u2014 K\u00e9rj\u00fck, hogy <strong>a K\u00f6zlem\u00e9ny rovatba a fizetend\u0151 sz\u00e1mla sorsz\u00e1m\u00e1t be\u00edrni sz\u00edveskedjenek.<\/strong> Ennek elmarad\u00e1sa miatt a befizet\u00e9s nem beazonos\u00edthat\u00f3, az<br \/>\u00f6sszeg visszautal\u00e1sra ker\u00fcl, ez\u00e9rt a gyermek\/tanul\u00f3 r\u00e9sz\u00e9re az \u00e9tkez\u00e9si szolg\u00e1ltat\u00e1s nem ker\u00fcl biztos\u00edt\u00e1sra.<br \/>\u2014 <strong>K\u00e9rj\u00fck, a fizet\u00e9si hat\u00e1rid\u0151ket pontosan tarts\u00e1k be<\/strong>.<br \/>.<br \/><strong>\u00c9tkez\u00e9s lemond\u00e1sa<\/strong><br \/>\u2014 Iskol\u00e1k eset\u00e9ben az iMenza sz\u00fcl\u0151i fel\u00fclet\u00e9n t\u00f6rt\u00e9nik.<br \/>\u2014 B\u00f6lcs\u0151d\u00e9k, \u00f3vod\u00e1k saj\u00e1t int\u00e9zm\u00e9ny\u00fck fel\u00e9 jelzik az eddigiek szerint.<br \/>\u2014 \u00c9tkez\u00e9st lemondani legk\u00e9s\u0151bb az azt megel\u0151z\u0151 nap reggel 8:00 \u00f3r\u00e1ig lehets\u00e9ges. (Az adott napra sz\u00f3l\u00f3 \u00e9tkez\u00e9st m\u00e1r nem lehet t\u00f6r\u00f6lni.)<br \/>\u2014 \u00a0A lemond\u00e1st 1 napos \u00e1tfut\u00e1si id\u0151vel kezelj\u00fck, \u00edgy a k\u00f6vetkez\u0151 napt\u00f3l \u00e9rv\u00e9nyes.<br \/>\u2014 A lemondott napokat a k\u00f6vetkez\u0151 havi sz\u00e1ml\u00e1n j\u00f3v\u00e1\u00edrjuk. Lemond\u00e1s hi\u00e1ny\u00e1ban a hi\u00e1nyz\u00f3 napokat nem tudjuk j\u00f3v\u00e1\u00edrni.<br \/>\u2014 Az ingyenes ell\u00e1t\u00e1sra jogosult csal\u00e1doknak is sz\u00fcks\u00e9ges a lemond\u00e1s bejelent\u00e9se a 328\/2011. Korm. rend. 13.\u00a7-a alapj\u00e1n.<br \/>.<br \/>\u2014 Az \u00e9tkez\u00e9s v\u00e9gleges lemond\u00e1s\u00e1ra az al\u00e1bbi el\u00e9rhet\u0151s\u00e9gen van lehet\u0151s\u00e9g:\u00a0 etkezes@szigetszentmiklos.hu<\/p>\n<p><strong>\u00c9tkez\u00e9si k\u00e1rtya<\/strong><br \/>\u2014 Als\u00f3 tagozatos di\u00e1kok k\u00e1rty\u00e1j\u00e1t a napk\u00f6zis pedag\u00f3gusok kezelik.<br \/>\u2014 Fels\u0151 tagozatos di\u00e1kok saj\u00e1t maguk kezelik a k\u00e1rty\u00e1t, \u00e9s k\u00f6telesek minden nap magukkal hozni.<br \/>\u2014 K\u00e1rtya n\u00e9lk\u00fcl nem lehet r\u00e9szt venni az \u00e9tkez\u00e9sben.<br \/>\u2014 Az els\u0151 k\u00e1rtya d\u00edja 2026.02.01-t\u0151l 1.500.-Ft. Elveszt\u00e9s vagy rong\u00e1l\u00f3d\u00e1s eset\u00e9n \u00faj k\u00e1rtya ig\u00e9nyelhet\u0151 \u00edr\u00e1sban. Az \u00faj k\u00e1rtya d\u00edja szint\u00e9n 1500 Ft, mely az int\u00e9zm\u00e9nyben \u00e1tvehet\u0151. Az \u00faj k\u00e1rtya \u00e9rkez\u00e9s\u00e9ig \u00e1tmeneti k\u00e1rtya ker\u00fcl biztos\u00edt\u00e1sra, mellyel az \u00e9tkez\u00e9s ig\u00e9nybevehet\u0151.<br \/>.<br \/><strong>\u00c9tkez\u00e9s m\u00f3dos\u00edt\u00e1sa<\/strong><br \/>\u2014\u00a0 Amennyiben v\u00e1ltoztatni szeretn\u00e9nek azon, hogy gyermek\u00fck napi egyszeri, k\u00e9tszeri vagy h\u00e1romszori \u00e9tkez\u00e9st kapjon, ezt e-mail-ben tudj\u00e1k jelezni fel\u00e9nk.<br \/>\u2014\u00a0 A bejelentett v\u00e1ltoztat\u00e1st a k\u00f6vetkez\u0151 sz\u00e1ml\u00e1zand\u00f3 h\u00f3napra tudjuk \u00e9rv\u00e9nyes\u00edteni.<br \/>\u2014\u00a0 Megkezdett vagy m\u00e1r sz\u00e1ml\u00e1zott h\u00f3napot nem \u00e1ll m\u00f3dunkban m\u00f3dos\u00edtani.<\/p>\n<p><strong>Kapcsolattart\u00e1s<\/strong><br \/>\u2014 Email c\u00edm: etkezes@szigetszentmiklos.hu.<br \/>\u2014\u00a0 Sz\u00e1ml\u00e1z\u00e1ssal, \u00e9tkez\u00e9s rendel\u00e9s\u00e9vel \u00e9s lemond\u00e1ssal kapcsolatos k\u00e9rd\u00e9seikkel tov\u00e1bbra is fordulhatnak k\u00f6zvetlen\u00fcl hozz\u00e1nk.<\/p>\n<p>K\u00f6sz\u00f6nj\u00fck meg\u00e9rt\u00e9s\u00fcket \u00e9s egy\u00fcttm\u0171k\u00f6d\u00e9s\u00fcket!<br \/><strong>\u00dcgyint\u00e9z\u0151k:\u00a0 \u00a0 Vask\u00f3n\u00e9 L\u00e1szl\u00f3 No\u00e9mi 0624\/505516 laszlo.noemi@szigetszentmiklos.hu<\/strong><\/p>\n<p><a href=\"https:\/\/szigja.hu\/2021\/wp-content\/uploads\/2026\/03\/Etkezesi-tajekoztato.pdf\">\u00c9tkez\u00e9si t\u00e1j\u00e9koztat\u00f3 (2026.02.01 -t\u0151l \u00e9rv\u00e9nyes)<\/a><\/p>\n<p><a href=\"https:\/\/szigja.hu\/2021\/wp-content\/uploads\/2024\/10\/II-Etkezesi-szabalyzat-modositott.pdf\">\u00c9tkeztet\u00e9si Szab\u00e1lyzat<\/a><\/p>\n<p><a href=\"https:\/\/szigja.hu\/2021\/wp-content\/uploads\/2024\/10\/Kozetkeztetesi-szabalyzat.pdf\">K\u00f6z\u00e9tkeztet\u00e9si Szab\u00e1lyzat<\/a><\/p>\n<p><a href=\"https:\/\/szigja.hu\/2021\/wp-content\/uploads\/2024\/10\/Etkezesi-Igeny.pdf\">\u00c9tkez\u00e9si ig\u00e9ny &#8211; nyomtatv\u00e1ny<\/a><\/p>\n<p><a href=\"https:\/\/szigja.hu\/2021\/wp-content\/uploads\/2024\/10\/Nagycsalados-nyilatkozat.pdf\">Nagycsal\u00e1dos kedvezm\u00e9ny &#8211; nyomtatv\u00e1ny<\/a><\/p>\n<hr \/>\n<p>&nbsp;<\/p>\n<p>&nbsp;<\/p>\n<p>&nbsp;<\/p>\n<p>[\/et_pb_text][\/et_pb_column][\/et_pb_row][\/et_pb_section]<\/p>\n","protected":false},"excerpt":{"rendered":"<p>\u00c9tkez\u00e9si t\u00e1j\u00e9koztat\u00f3 &#8211; fontos tudnival\u00f3k2026.02.01-t\u0151l Tisztelt Sz\u00fcl\u0151k!A gyermek\u00e9tkez\u00e9ssel kapcsolatban az al\u00e1bbi inform\u00e1ci\u00f3kat szeretn\u00e9nk megosztani \u00d6n\u00f6kkel: \u00c9tkez\u00e9s ig\u00e9nyl\u00e9seA szigetszentmiklos.hu\/gyermeketkeztetes honlapr\u00f3l let\u00f6lthet\u0151 , \u00c9tkez\u00e9si ig\u00e9ny&#8221; nyomtatv\u00e1ny kit\u00f6lt\u00e9s\u00e9vel \u00e9s megk\u00fcld\u00e9s\u00e9vel t\u00f6rt\u00e9nik, amennyiben a [&hellip;]<\/p>\n","protected":false},"author":4,"featured_media":0,"parent":0,"menu_order":0,"comment_status":"closed","ping_status":"closed","template":"","meta":{"_et_pb_use_builder":"on","_et_pb_old_content":"","_et_gb_content_width":"","cybocfi_hide_featured_image":"","footnotes":""},"class_list":["post-26790","page","type-page","status-publish","hentry"],"_links":{"self":[{"href":"https:\/\/szigja.hu\/2021\/wp-json\/wp\/v2\/pages\/26790","targetHints":{"allow":["GET"]}}],"collection":[{"href":"https:\/\/szigja.hu\/2021\/wp-json\/wp\/v2\/pages"}],"about":[{"href":"https:\/\/szigja.hu\/2021\/wp-json\/wp\/v2\/types\/page"}],"author":[{"embeddable":true,"href":"https:\/\/szigja.hu\/2021\/wp-json\/wp\/v2\/users\/4"}],"replies":[{"embeddable":true,"href":"https:\/\/szigja.hu\/2021\/wp-json\/wp\/v2\/comments?post=26790"}],"version-history":[{"count":39,"href":"https:\/\/szigja.hu\/2021\/wp-json\/wp\/v2\/pages\/26790\/revisions"}],"predecessor-version":[{"id":30059,"href":"https:\/\/szigja.hu\/2021\/wp-json\/wp\/v2\/pages\/26790\/revisions\/30059"}],"wp:attachment":[{"href":"https:\/\/szigja.hu\/2021\/wp-json\/wp\/v2\/media?parent=26790"}],"curies":[{"name":"wp","href":"https:\/\/api.w.org\/{rel}","templated":true}]}}